 + -30. What is the highest common divisor of n and c?
23
Suppose 8 = 4*y - 16. Let v be 3*(-3)/(27/y). Let h be (-3)/(42/22 + v). What is the greatest common divisor of h and 3?
3
Let m be 6/(-6)*(-1 + -5). Suppose m*s + 40 = s. Let z be s/1*(-24)/4. What is the highest common factor of 6 and z?
6
Suppose -3*f = -2*f - 2. Suppose 2*d - 40 = -2*o, -3*o = o + f*d - 82. What is the highest common factor of o and 7?
7
Let y = 30 - 16. Let v = 10 - y. Let m be (v/(-4))/((-1)/(-77)). What is the highest common divisor of 11 and m?
11
Suppose -3*d + 2*y = 3*y - 133, 0 = -5*d + 3*y + 245. Let g be 9/12*(-2 + d). Calculate the highest common factor of g and 3.
3
Suppose 0 = y + 5*w - 46, 5*y + 3*w + w - 272 = 0. What is the greatest common factor of 14 and y?
14
Suppose -2*k = -8 - 0. Suppose -29 = -2*r - k*j - 1, -2*r + j + 23 = 0. What is the highest common divisor of 6 and r?
6
Let j be 2/2 - 74*-2. Suppose -44 + j = 5*i. What is the highest common factor of 14 and i?
7
Let l = -39 - -49. What is the greatest common divisor of 25 and l?
5
Let u(c) = -58*c - 1. Let a be u(-4). Calculate the greatest common factor of a and 33.
33
Let b be (-4 + (-33)/(-9))/(1/(-21)). Calculate the highest common divisor of b and 70.
7
Let c(h) = -h**2 + 8. Suppose -6*u - 5*r = -u + 10, -2 = r. Let a be c(u). What is the highest common divisor of a and 4?
4
Suppose 3*j + 9 = 0, -2 = -c + 4*j + 15. Let y be (2 - c)*22/(-6). Calculate the highest common divisor of y and 11.
11
Let q(m) = 26*m + 5. Let n be q(5). Suppose 4*s - 75 = -s. What is the highest common divisor of n and s?
15
Let s be 3/4 + (-25)/(-20). Suppose 0 = s*j - 52 + 20. What is the greatest common divisor of j and 8?
8
Let x(t) = t + 14. Let p be x(-10). Calculate the highest common divisor of 2 and p.
2
Let d(k) = k**2 - 4*k + 2. Let f be d(4). Let y(t) = 2*t**2 - t. Let n be y(1). Calculate the highest common factor of n and f.
1
Let d be -3 + (33 - (2 - 4)). Suppose -7 = r - d. Calculate the greatest common divisor of 5 and r.
5
Suppose -45 + 180 = 5*q. What is the greatest common divisor of 9 and q?
9
Suppose -5*v = 2*k - 14, 4*k + 0*v - 46 = -v. What is the highest common factor of 84 and k?
12
Let q(h) = h**2 + 8*h + 19. Let c be q(-8). Calculate the greatest common divisor of c and 171.
19
Suppose 0 = 3*x - 2*x - 5. Suppose -x*a = -3*a - 266. What is the highest common factor of 19 and a?
19
Let h be (1 + 1)/(2/(-1093)). Let x = -578 - h. Suppose -2*d = -q - 44 + 151, -5*d = -5*q + x. What is the greatest common factor of q and 11?
11
Let t be 2 + -3*1 + -1. Let p = t + 11. Let s be (-1)/((4/18)/(-2)). Calculate the greatest common factor of p and s.
9
Let r be 4/(-12) - 40/(-3). Calculate the greatest common factor of 13 and r.
13
Let p = -33 - -99. What is the highest common factor of p and 110?
22
Suppose 3*j - 6 = 9. Suppose -5*y + 229 = -3*k, 214 = -0*y + j*y + 2*k. Calculate the highest common factor of y and 4.
4
Let k be -9 + 164 + -5 + 2. Calculate the highest common divisor of 19 and k.
19
Suppose 4*h + 0*q + 2*q - 100 = 0, -4 = 2*q. Let s be 1*(-2*26)/(-4). What is the greatest common divisor of h and s?
13
Let a(j) = -5*j - 14. Let c be a(-6). Suppose -3*r = 5*b - 16, -5*b - c - 3 = -2*r. What is the highest common divisor of r and 63?
7
Let o be 2 + 2 - -2 - 0. Let r = o + 0. Let t be r/(-4)*(-8)/6. Calculate the highest common divisor of t and 4.
2
Suppose -r + 4*r = -81. Let p = r + 18. Let v be 2/p - 1520/(-36). Calculate the highest common divisor of 28 and v.
14
Suppose -2*w + 5*m + 143 = 30, -215 = -4*w - m. What is the highest common factor of 594 and w?
54
Let t = 11 + 2. Suppose -3*g - a = -0*g - 153, -4*g + 3*a + 217 = 0. What is the highest common divisor of g and t?
13
Suppose 5*m - 965 = -5*t, -4*t + 5*m = -8*t + 767. Let h(i) = i**3 - 5*i**2 - 3*i. Let g be h(6). Let a = 0 + g. What is the highest common divisor of a and t?
18
Let s = 11 - -18. What is the highest common factor of s and 261?
29
Let r = 115 - 85. Suppose -4*p + 5 = -3*p. Suppose 3*s - 99 = 2*u - 37, -p*u = -4*s + 85. What is the highest common divisor of s and r?
10
Let o(g) = -g**3 + 8*g**2 - 10*g + 6. Let u be o(6). Let f be 60*(134/60 + (-4)/(-24)). What is the highest common factor of f and u?
18
Let r = -12 + 22. Suppose 4*i - i = -3*p + 141, -59 = -i + 3*p. What is the greatest common factor of i and r?
10
Let u(q) = q**2 - 12*q - 6. Let m be u(20). What is the highest common factor of m and 14?
14
Suppose 2*l = -5*h - 19, -h + 4 = 3*l - 0. Let r be (4/h)/((-2)/65). Calculate the highest common divisor of 65 and r.
13
Let i be 405/20 - 2/8. Calculate the greatest common divisor of 10 and i.
10
Suppose -12*j - 198 = -21*j. What is the highest common divisor of j and 242?
22
Let k = 37 - 7. Suppose -3*q = 5*z - 445, -4*z - 2 = 2. What is the highest common divisor of k and q?
30
Let z = 0 - -3. Suppose 2*r - 5*k - 21 = -5, 2*r - 12 = z*k. What is the greatest common factor of r and 1?
1
Let n be (9/(-2))/(9/6 - 2). Suppose 0 = -2*r - 2*s + 136 - 54, 0 = -4*r - 5*s + 160. What is the highest common factor of n and r?
9
Let m = -186 - -130. Let c = -24 - m. Calculate the greatest common divisor of 80 and c.
16
Let h(n) = 3*n. Let x be h(1). Let w be (-179)/(-5) + x/15. Calculate the highest common factor of w and 9.
9
Let k = 239 - 169. Calculate the greatest common factor of k and 10.
10
Let v be (-2)/(-1) + -4 + 4. Calculate the greatest common factor of 22 and v.
2
Let i(c) = c - 3. Let f be i(5). Suppose f*h = -2*h + 64. Suppose -7 = -2*u + 9. Calculate the highest common divisor of u and h.
8
Let g = -9 + 14. Suppose -g*v + 376 = 4*z, 2*z - v = -3*z + 499. Calculate the highest common factor of 9 and z.
9
Suppose -m + 307 = y - 4*y, 0 = 4*m - 3*y - 1273. What is the greatest common divisor of 46 and m?
46
Let v(w) = 6 - 6*w - w**2 - 1 + 2 + 0. Let s be v(-5). Suppose 6*m - 5*b = m + 160, -2*b + 152 = 4*m. Calculate the greatest common factor of m and s.
12
Let m = -23 - -33. Let p = m + -8. Let n be (-1)/p + (-2653)/(-14). What is the greatest common factor of 21 and n?
21
Let h be ((-1)/(-3))/(2/126). Suppose -o + h = -0*o. Let x = -3 + 6. What is the highest common factor of x and o?
3
Suppose v - 10 - 35 = 0. Calculate the greatest common divisor of 18 and v.
9
Let a(h) = h**3 - 11*h**2 + 10*h - 9. Let x be a(10). Let n be (-3)/(x/3)*187. What is the greatest common divisor of n and 17?
17
Suppose 0 = 4*q - 1731 + 219. Suppose 3*o + 27 = q. Calculate the highest common factor of o and 13.
13
Suppose -5*h = -2*h - 189. What is the greatest common divisor of 9 and h?
9
Let m = -14 + 36. Let n = 818 + -543. Suppose 0*y = -5*y + n. What is the highest common factor of y and m?
11
Suppose 2*r - 2*o + 19 = -5, 0 = -4*o - 12. Let z be (-2)/(-3) + (-50)/r. Calculate the greatest common divisor of z and 28.
4
Let u(w) = -w**3 - 21*w**2 + 20*w - 37. Let p be u(-22). Let s be 2*(-1)/(-2) - 2. Let d be (0 - -1)/(s/(-7)). What is the greatest common divisor of d and p?
7
Suppose 3*g - 2 + 8 = 0. Let i be 64/1 + 1 + g. Suppose 5*w = 3*d + 15 + 30, 3*d = -4*w + 36. Calculate the greatest common factor of w and i.
9
Suppose 0 = -w - 248 - 183. Let c be 1/(2*(-2)/932). Let u = c - w. What is the highest common divisor of u and 18?
18
Let p(y) = y + 1 + 4*y + 0*y. Let c be p(1). Suppose -3*h + 35 = -x, h + x + 1 = c. Calculate the greatest common divisor of 80 and h.
10
Let t(o) be the first derivative of 4*o**3 - o**2/2 - o - 3. Let a be t(2). What is the highest common factor of a and 18?
9
Let x = 74 + -51. Let m(n) = -n + 1. Let f be m(-4). Suppose j = f*j - 460. Calculate the greatest common divisor of j and x.
23
Let n(y) = -y - 2. Let u be 2/(-6) + 58/(-6). Let w be n(u). What is the highest common factor of w and 56?
8
Let q(h) = h + 11. Let c be q(-9). Suppose -r + 4*d = 12, -c*d = -r + 3*d - 16. Calculate the highest common divisor of r and 32.
4
Suppose 176 = 5*z - 2*s, 78 = 4*z + 3*s - 49. What is the highest common factor of 51 and z?
17
Suppose 48 = 11*a - 8*a. Calculate the greatest common divisor of 32 and a.
16
Let d(j) = j + 18. Let n(r) be the first derivative of r**4/4 + 4*r**3/3 + 1. Let v be n(-4). Let y be d(v). Calculate the highest common factor of y and 9.
9
Suppose -30 = 3*g + 5*